95
Calculate the remainder when 2677890 is divided by 814.
644
What is the remainder when 252726 is divided by 31555?
286
What is the remainder when 380691 is divided by 273?
129
Calculate the remainder when 99072129 is divided by 397.
382
Calculate the remainder when 26645788 is divided by 6979.
6945
Calculate the remainder when 1325211 is divided by 1255.
1186
What is the remainder when 455535 is divided by 9295?
80
What is the remainder when 290428 is divided by 4477?
3900
Calculate the remainder when 4087218 is divided by 3630.
3468
Calculate the remainder when 597534 is divided by 7711.
3787
What is the remainder when 687800 is divided by 915?
635
Calculate the remainder when 16341645 is divided by 1730.
65
Calculate the remainder when 36421855 is divided by 1009.
991
Calculate the remainder when 10107353 is divided by 3830.
3813
Calculate the remainder when 703717 is divided by 151.
57
What is the remainder when 1661390 is divided by 186?
38
What is the remainder when 2483921 is divided by 3474?
11
What is the remainder when 31996 is divided by 5116?
1300
What is the remainder when 109333432 is divided by 903?
901
What is the remainder when 7738269 is divided by 151728?
141
What is the remainder when 227238725 is divided by 26?
25
Calculate the remainder when 3133911 is divided by 1743.
1740
Calculate the remainder when 158461 is divided by 4524.
121
What is the remainder when 53168707 is divided by 34?
17
What is the remainder when 56418 is divided by 507?
141
What is the remainder when 22556 is divided by 22464?
92
What is the remainder when 37064 is divided by 18435?
194
Calculate the remainder when 37598 is divided by 23.
16
Calculate the remainder when 232675 is divided by 619.
550
Calculate the remainder when 145190 is divided by 87.
74
Calculate the remainder when 72418587 is divided by 979.
978
What is the remainder when 772219 is divided by 2391?
2317
Calculate the remainder when 19147726 is divided by 318.
310
What is the remainder when 1808644 is divided by 17?
14
Calculate the remainder when 576911 is divided by 41195.
181
Calculate the remainder when 40835379 is divided by 461.
460
Calculate the remainder when 12222891 is divided by 20.
11
Calculate the remainder when 16466230 is divided by 3568.
3478
What is the remainder when 61268 is divided by 4680?
428
Calculate the remainder when 32056 is divided by 5279.
382
What is the remainder when 127837432 is divided by 64?
56
What is the remainder when 20013812 is divided by 194?
190
What is the remainder when 3823777 is divided by 5446?
685
What is the remainder when 7801854 is divided by 75746?
16
What is the remainder when 129052298 is divided by 1693?
1680
What is the remainder when 232194 is divided by 115906?
382
Calculate the remainder when 100409370 is divided by 89892.
6
What is the remainder when 159058 is divided by 91?
81
Calculate the remainder when 6241147 is divided by 237.
226
What is the remainder when 48523 is divided by 9569?
678
What is the remainder when 18243169 is divided by 573?
568
Calculate the remainder when 3098549 is divided by 64.
53
What is the remainder when 465599 is divided by 476?
71
Calculate the remainder when 1256331 is divided by 837.
831
What is the remainder when 13279832 is divided by 12?
8
What is the remainder when 17149 is divided by 3840?
1789
What is the remainder when 36446 is divided by 9106?
22
Calculate the remainder when 174370 is divided by 1019.
121
What is the remainder when 984744 is divided by 3831?
177
What is the remainder when 61233076 is divided by 28?
16
Calculate the remainder when 4975552 is divided by 10.
2
Calculate the remainder when 4548518 is divided by 1211.
2
Calculate the remainder when 112076 is divided by 2944.
204
What is the remainder when 730500 is divided by 3?
0
Calculate the remainder when 28450844 is divided by 266.
16
What is the remainder when 18805117 is divided by 3799?
67
Calculate the remainder when 72443415 is divided by 1096.
7
Calculate the remainder when 32117501 is divided by 56.
45
Calculate the remainder when 812307 is divided by 89.
4
What is the remainder when 345989131 is divided by 13?
7
Calculate the remainder when 6278614 is divided by 3354.
3280
Calculate the remainder when 9973253 is divided by 182.
17
What is the remainder when 2574245 is divided by 811?
131
Calculate the remainder when 245449 is divided by 30673.
65
Calculate the remainder when 56267 is divided by 12.
11
What is the remainder when 46906 is divided by 136?
122
What is the remainder when 206624 is divided by 7?
5
What is the remainder when 48201645 is divided by 3862?
23
What is the remainder when 233349 is divided by 1656?
1509
What is the remainder when 22882 is divided by 11437?
8
Calculate the remainder when 83657617 is divided by 54.
7
What is the remainder when 237371485 is divided by 91367?
19
What is the remainder when 1343586 is divided by 1343505?
81
Calculate the remainder when 795720 is divided by 397841.
38
What is the remainder when 165335 is divided by 5333?
12
What is the remainder when 671042 is divided by 223668?
38
Calculate the remainder when 133318 is divided by 43597.
2527
Calculate the remainder when 39860361 is divided by 60.
21
Calculate the remainder when 290443 is divided by 6591.
439
Calculate the remainder when 235697 is divided by 2161.
148
Calculate the remainder when 22236 is divided by 960.
156
Calculate the remainder when 1090079 is divided by 3505.
24
Calculate the remainder when 1583923 is divided by 176.
99
Calculate the remainder when 19603673 is divided by 33.
23
Calculate the remainder when 1701671837 is divided by 1240.
1237
What is the remainder when 196125 is divided by 429?
72
What is the remainder when 176021803 is divided by 34?
29
Calculate the remainder when 397538 is divided by 53.
38
Calculate the remainder when 43578963 is divided by 9190.
9173
What is the remainder when 313225 is divided by 619?
11
Calculate the remainder when 8745582 is divided by 2915165.
87
What is the remainder when 1965443 is divided by 721?
718
What is the remainder when 26967685 is divided by 9580?
9565
Calculate the remainder when 266216 is divided by 404.
384
Calculate the remainder when 475491 is divided by 79237.
69
What is the remainder when 5894592 is divided by 365?
207
Calculate the remainder when 18970946 is divided by 7.
1
Calculate the remainder when 8127932 is divided by 4508.
8
Calculate the remainder when 3653193 is divided by 173961.
12
Calculate the remainder when 283453492 is divided by 19.
16
Calculate the remainder when 8027762 is divided by 74.
20
What is the remainder when 30028176 is divided by 81?
18
What is the remainder when 102742 is divided by 6033?
181
Calculate the remainder when 42497413 is divided by 104.
101
What is the remainder when 1475196 is divided by 2069?
2068
What is the remainder when 30395 is divided by 25682?
4713
What is the remainder when 544479 is divided by 1980?
1959
Calculate the remainder when 5265156 is divided by 1316287.
8
What is the remainder when 1172764 is divided by 30862?
8
What is the remainder when 72024 is divided by 14350?
274
Calculate the remainder when 6258 is divided by 3213.
3045
Calculate the remainder when 992306 is divided by 330689.
239
What is the remainder when 129931363 is divided by 66?
1
Calculate the remainder when 521467 is divided by 74.
63
What is the remainder when 45980 is divided by 7659?
26
Calculate the remainder when 2038291 is divided by 282.
277
What is the remainder when 907722 is divided by 302387?
561
What is the remainder when 200115 is divided by 18160?
355
What is the remainder when 3681877 is divided by 46?
37
What is the remainder when 19508532 is divided by 629307?
15
What is the remainder when 17486315 is divided by 1635?
1625
Calculate the remainder when 227915696 is divided by 27.
2
Calculate the remainder when 95626 is divided by 286.
102
Calculate the remainder when 32492 is divided by 129.
113
What is the remainder when 20071361 is divided by 6?
5
Calculate the remainder when 56665 is divided by 2117.
1623
Calculate the remainder when 970465 is divided by 505.
360
Calculate the remainder when 93761 is divided by 2246.
1675
What is the remainder when 967138 is divided by 322379?
1
